Let a(s) = 2*s**2 + 87*s + 657. Determine a(-37).
176
Let p(v) = 30*v + 701. Calculate p(-23).
11
Let q(o) = -3*o**2 - 5*o + 4. What is q(5)?
-96
Let c(g) = -4*g**2 - 108*g + 40. Determine c(-26).
144
Let w(a) = -14*a**2 - 438*a - 119. What is w(-31)?
5
Let f(r) = -4*r**3 + 77*r**2 - 16*r - 72. Calculate f(19).
-15
Let i(o) = -o**3 - 20*o**2 - 59*o + 73. Give i(-19).
833
Let d(m) = -6*m + 31. Calculate d(10).
-29
Let n(o) = o**2 + 63*o + 986. Give n(-31).
-6
Let v(n) = -2*n**3 + 5*n**2 + 8*n - 30. What is v(3)?
-15
Let y(u) = 57*u**2 + 796*u - 35. Determine y(-14).
-7
Let d(r) = r**2 - 32*r + 152. Calculate d(19).
-95
Let h(f) = -3*f**2 + 16*f + 14. What is h(-5)?
-141
Let q(l) = -10*l + 304. What is q(27)?
34
Let s(v) = v**2 + 36*v - 71. Give s(-38).
5
Let o(u) = -u**2 + 43*u + 124. What is o(30)?
514
Let u(t) = -t**3 - 2*t**2 - 44*t - 132. What is u(-3)?
9
Let d(o) = 9*o**2 - 176*o + 520. What is d(16)?
8
Let t(w) = 5499*w - 203468. Calculate t(37).
-5
Let g(z) = z**2 + 46*z + 56. Determine g(-31).
-409
Let g(w) = -w**3 - 8*w**2 + 48*w - 6. What is g(-12)?
-6
Let f(r) = 7*r**2 + 207*r + 1197. Determine f(-8).
-11
Let c(u) = -u**3 + 8*u**2 - 4*u - 54. Give c(5).
1
Let f(b) = 2*b**2 + 33*b + 129. Calculate f(-12).
21
Let w(v) = -13*v - 565. Calculate w(-28).
-201
Let l(d) = 32*d**2 + 1022*d - 64. Give l(-32).
0
Let l(q) = -2*q**2 - 61*q + 181. What is l(-33)?
16
Let r(y) = -506*y + 6062. Give r(12).
-10
Let g(o) = -192*o + 1388. Determine g(5).
428
Let w(o) = 4*o**2 - 15*o + 56. Give w(3).
47
Let x(v) = 30*v + 938. Give x(-31).
8
Let m(r) = -18*r - 215. Give m(3).
-269
Let t(q) = 2*q**2 - 111*q + 279. Determine t(53).
14
Let f(r) = 20*r - 818. What is f(37)?
-78
Let w(v) = -v**3 - 5*v**2 - 14*v - 11. Give w(-8).
293
Let o(h) = 65*h**2 + 297*h + 1. What is o(-5)?
141
Let i(r) = 65*r - 1278. What is i(16)?
-238
Let p(l) = 1110*l + 62166. Calculate p(-56).
6
Let z(d) = -d**2 - 35*d + 290. Calculate z(-42).
-4
Let x(h) = -76*h - 444. Give x(-6).
12
Let o(z) = -z**3 - 9*z**2 - 62*z - 568. Give o(-9).
-10
Let r(l) = -l**3 + 63*l**2 + 62*l + 103. Determine r(64).
-25
Let c(x) = x**3 + 33*x**2 + 85*x - 1. Give c(-30).
149
Let r(t) = -t**3 - 21*t**2 + 30*t - 179. Calculate r(-25).
1571
Let v(t) = t**3 + 61*t**2 - 336*t + 35. What is v(5)?
5
Let y(a) = -71*a - 1627. What is y(-23)?
6
Let j(y) = -y**2 + 348*y + 703. Give j(-2).
3
Let y(c) = -6*c**3 + 329*c**2 + 53*c + 95. Give y(55).
-15
Let y(v) = -308*v + 21569. What is y(70)?
9
Let h(p) = p**3 + 38*p**2 + 7*p - 284. Calculate h(-38).
-550
Let y(g) = 2*g**3 + 47*g**2 + 11*g - 278. Calculate y(-23).
-2
Let g(z) = 4*z**2 - 56*z + 200. Determine g(5).
20
Let b(v) = -v**3 - 5*v**2 + 78*v + 371. What is b(-6)?
-61
Let a(u) = -u**2 - 3*u - 65. Give a(0).
-65
Let q(i) = -114*i - 3642. What is q(-32)?
6
Let k(o) = o**2 + 30*o - 493. What is k(-45)?
182
Let p(t) = -97*t + 4759. Determine p(50).
-91
Let y(u) = 2*u**2 - 179*u - 257. Give y(91).
16
Let p(f) = f**2 + 21*f - 441. What is p(-36)?
99
Let t(z) = z**3 - 2*z**2 - 196*z - 8. Give t(15).
-23
Let l(p) = 81*p - 10477. Give l(129).
-28
Let p(z) = -277*z - 3912. Calculate p(-15).
243
Let l(k) = -4*k**2 + 2*k + 438. What is l(-13)?
-264
Let k(c) = c**2 + 28*c + 99. What is k(-8)?
-61
Let j(n) = -2*n**3 + 72*n**2 + 82*n + 52. Determine j(37).
348
Let j(i) = -740*i + 82139. Give j(111).
-1
Let r(v) = 21*v**2 - 38*v - 114. What is r(-3)?
189
Let y(r) = -2*r**2 - 25*r - 73. Give y(-7).
4
Let k(h) = 208*h + 766. What is k(-3)?
142
Let n(t) = -2*t**2 + 33*t + 21. Calculate n(18).
-33
Let m(x) = -2*x**2 - 227*x + 952. Calculate m(-118).
-110
Let y(q) = 2*q**2 - 773*q - 13294. What is y(403)?
5
Let j(o) = 96*o + 1759. Calculate j(-15).
319
Let y(a) = -5*a**3 + 9*a**2 + 27*a + 19. Calculate y(-1).
6
Let p(v) = -v**3 + 11*v**2 + v - 37. Give p(10).
73
Let a(q) = -2346*q - 14004. What is a(-6)?
72
Let v(j) = -j**3 + 27*j**2 - 120*j - 55. Give v(20).
345
Let k(w) = -149*w - 857. Determine k(-6).
37
Let f(a) = 11*a + 45. What is f(-11)?
-76
Let f(a) = 2*a**3 + 137*a**2 - 60*a + 1286. Calculate f(-69).
665
Let w(y) = -y**3 + 15*y**2 + 27*y + 85. What is w(16)?
261
Let v(u) = -u**2 + 37*u - 8. Give v(32).
152
Let k(l) = 184*l + 19687. Determine k(-107).
-1
Let c(g) = -g**2 - 11*g - 11. Give c(-9).
7
Let f(o) = o**2 + 248*o + 1458. What is f(-6)?
6
Let m(v) = -3687*v - 3. What is m(0)?
-3
Let b(a) = 2*a**3 + 41*a**2 + 56*a - 11. What is b(-19)?
8
Let i(g) = -98*g - 14. Calculate i(2).
-210
Let b(o) = 69*o - 6472. Determine b(93).
-55
Let u(v) = 348*v + 360. Determine u(-1).
12
Let u(v) = -35*v**2 - 208*v - 11. Calculate u(-6).
-23
Let x(j) = -j**2 - 236*j + 11668. Give x(42).
-8
Let b(q) = -44*q + 11. Give b(5).
-209
Let u(x) = -7*x + 40. What is u(5)?
5
Let a(r) = 29*r - 43. Calculate a(4).
73
Let v(g) = -g**2 + 60*g - 165. Determine v(3).
6
Let t(s) = -2*s**2 - 64*s - 442. What is t(-10)?
-2
Let f(v) = 2*v**2 + 36*v + 64. Give f(-13).
-66
Let z(d) = -398*d - 403. Give z(-1).
-5
Let h(t) = t**2 + 33*t + 178. Determine h(-14).
-88
Let h(i) = -i**3 - 20*i**2 - 31*i + 25. Determine h(-18).
-65
Let g(s) = 44*s - 391. What is g(9)?
5
Let g(o) = 353*o + 2471. Give g(-7).
0
Let v(s) = -s**3 + 2*s**2 + 350*s + 445. Calculate v(-17).
-14
Let d(h) = -3*h**2 + 50*h - 190. Give d(5).
-15
Let n(w) = -20*w**2 + 205*w + 427. Calculate n(-2).
-63
Let x(n) = 3*n**2 - 140*n + 146. Calculate x(46).
54
Let w(o) = 179*o**3 + 3*o**2 + 10*o + 9. Calculate w(-1).
-177
Let f(r) = -515*r + 50. Determine f(1).
-465
Let z(m) = 1812*m - 9059. Determine z(5).
1
Let o(w) = 50*w + 48. Determine o(-2).
-52
Let l(k) = -3*k**3 - 17*k**2 + 12*k + 28. Determine l(-6).
-8
Let k(v) = 2*v**2 - 53*v - 112. What is k(28)?
-28
Let w(f) = -27*f + 216. Calculate w(18).
-270
Let v(l) = l**2 + 3*l + 220. Determine v(0).
220
Let c(m) = 2*m**3 - 9*m**2 + 45*m - 199. Determine c(5).
51
Let d(h) = h**3 - 15*h**2 - 18*h + 75. Give d(16).
43
Let z(n) = -553*n + 3872. Calculate z(7).
1
Let m(q) = -49*q + 46. Calculate m(2).
-52
Let o(k) = -7*k - 39. Give o(-4).
-11
Let y(m) = -m**3 + 26*m**2 + 458*m + 13. Calculate y(38).
89
Let g(p) = -p**2 + 25*p + 115. Give g(-5).
-35
Let r(b) = -56*b**2 - 752*b - 1499. What is r(-2)?
-219
Let f(x) = -3*x**3 + 7*x**2 + 124*x - 369. What is f(3)?
-15
Let a(s) = -3*s**2 + 31*s - 72. Calculate a(6).
6
Let b(a) = 5*a**2 + 18*a + 4. Determine b(5).
219
Let k(a) = -118*a - 563. What is k(-5)?
27
Let o(g) = -386*g + 35503. Determine o(92).
-9
Let p(w) = 1089*w + 1058. Give p(-1).
-31
Let m(s) = -2*s**2 - 63*s + 26. What is m(-30)?
116
Let t(j) = -15*j**3 - 29*j**2 - 7. What is t(-2)?
-3
Let g(o) = -25*o**2 - 5*o - 15. Determine g(0).
-15
Let h(s) = -s**2 + 141*s + 876. Calculate h(-6).
-6
Let f(r) = r**3 + 29*r**2 + 143*r + 116. What is f(-23)?
1
Let d(i) = -342*i**2 - 3420*i - 12. Determine d(-10).
-12
Let o(m) = -2*m**3 - 277*m**2 + 705*m - 6. Give o(-141).
-6
Let y(k) = -85*k - 340. Give y(-4).
0
Let m(t) = -t**3 - t**2 - 2*t - 34. What is m(0)?
-34
Let i(y) = 47*y - 2144. What is i(41)?
-217
Let t(x) = 7504*x - 22512. Give t(3).
0
Let k(u) = 276*u + 678. Give k(-4).
-426
Let l(w) = w**3 - 10*w**2 - 40*w - 8. Determine l(-3).
-5
Let g(w) = -3*w**2 + 274*w + 451. What is g(92)?
267
Let q(w) = -w**3 + 14*w**2 - 20*w + 86. What is q(13)?
-5
Let q(r) = 147*r - 669. What is q(4)?
-81
Let q(u) = 7*u**2 - 288*u + 843. Give q(38).
7
Let t(y) = -2*y**2 - 310*y - 10699. Give t(-52).
13
Let w(u) = -u**3 - 21*u**2 - 124*u - 110. Give w(-11).
44
Let o(k) = -7*k**2 - 45*k + 237. Calculate o(6).
-285
Let n(o) = o**3 + 31*o**2 + 93*o + 242. Give n(-28).
-10
Let z(u) = 2*u**2 - 16*u - 3. Calculate z(6).
-27
Let f(w) = 36*w + 372. What is f(-10)?
12
Let k(f) = -211*f + 5277. Give k(25).
2
Let t(u) = -u**3 - 14*u**2 - 26*u - 171. Calculate t(-13).
-2
Let z(v) = v**2 - 64*v - 1754. Calculate z(-25).
471
Let w(f) = 37*f - 57. What is w(6)?
165
Let q(k) = -k**3 - 8*k**2 - 67*k - 534. Calculate q(-8).
2
Let z(d) = 28*d - 151. Determine z(6).
17
Let l(f) = 3*f**2 - 67*f - 50. What is l(24)?
70
Let d(g) = -2*g**2 + 24*g - 33. What is d(3)?
21
Let y(k) = -193*k - 962. Determine y(-5).
3
Let b(o) = o**3 + 4*o**2 - 489*o - 223. Calculate b(-24).
-7
Let a(q) = 3543*q - 70871. Give a(20).
-11
Let p(b) = 541*b - 4218. Cal